{"id":676,"date":"2022-05-28T21:57:49","date_gmt":"2022-05-29T00:57:49","guid":{"rendered":"http:\/\/culturasueca.org.br\/om-oss\/"},"modified":"2022-06-05T00:04:30","modified_gmt":"2022-06-05T03:04:30","slug":"om-oss","status":"publish","type":"page","link":"https:\/\/culturasueca.org.br\/sv\/om-oss\/","title":{"rendered":"Om oss"},"content":{"rendered":"\n<p>Denna sida \u00e4r utvecklad och underh\u00e5llen av entusiaster och organisationer som anser att det \u00e4r viktigt att minnas historien om den svenska migrationen i Brasilien och Argentina. Id\u00e9n till projektet kommer fr\u00e5n h\u00f6gtidligh\u00e5llandet av 200 \u00e5r av diplomatiska f\u00f6rbindelser mellan Sverige och Brasilien som ska h\u00e5llas 2026 och det faktum att mycket information om svensk historia i regionen finns i b\u00f6cker som inte l\u00e4ngre trycks eller \u00e5terfinns i  k\u00e4llor som \u00e4r sv\u00e5ra att f\u00e5 tillg\u00e5ng till. Vi anser att den svenska migrationens inflytande har varit mycket viktigt och att arvet fr\u00e5n migranterna inte f\u00e5r g\u00e5 f\u00f6rlorat.<\/p>\n\n<h2 class=\"wp-block-heading\">Projektpartners<\/h2>\n\n<div class=\"wp-block-columns is-layout-flex wp-container-3\">\n<div class=\"wp-block-column is-layout-flow\">\n<figure class=\"wp-block-image size-full is-resized\"><img decoding=\"async\" loading=\"lazy\" src=\"https:\/\/culturasueca.org.br\/wp-content\/uploads\/2022\/06\/CONSULADO-GERAL-DA-SUECIA_SAO-PAULO_RGB_400x81.png\" alt=\"\" class=\"wp-image-717\" width=\"400\" height=\"81\" srcset=\"https:\/\/culturasueca.org.br\/wp-content\/uploads\/2022\/06\/CONSULADO-GERAL-DA-SUECIA_SAO-PAULO_RGB_400x81.png 400w, https:\/\/culturasueca.org.br\/wp-content\/uploads\/2022\/06\/CONSULADO-GERAL-DA-SUECIA_SAO-PAULO_RGB_400x81-300x61.png 300w\" sizes=\"(max-width: 400px) 100vw, 400px\" \/><\/figure><\/div>\n\n\n\n<div class=\"wp-block-column is-layout-flow\">\n<figure class=\"wp-block-image size-medium\"><img decoding=\"async\" loading=\"lazy\" width=\"300\" height=\"128\" src=\"https:\/\/culturasueca.org.br\/wp-content\/uploads\/2022\/06\/Logo_horizontal_cores_Centro_Cultural_Sueco_Ijui-300x128.png\" alt=\"\" class=\"wp-image-719\" srcset=\"https:\/\/culturasueca.org.br\/wp-content\/uploads\/2022\/06\/Logo_horizontal_cores_Centro_Cultural_Sueco_Ijui-300x128.png 300w, https:\/\/culturasueca.org.br\/wp-content\/uploads\/2022\/06\/Logo_horizontal_cores_Centro_Cultural_Sueco_Ijui-1024x436.png 1024w, https:\/\/culturasueca.org.br\/wp-content\/uploads\/2022\/06\/Logo_horizontal_cores_Centro_Cultural_Sueco_Ijui-768x327.png 768w, https:\/\/culturasueca.org.br\/wp-content\/uploads\/2022\/06\/Logo_horizontal_cores_Centro_Cultural_Sueco_Ijui-1536x654.png 1536w, https:\/\/culturasueca.org.br\/wp-content\/uploads\/2022\/06\/Logo_horizontal_cores_Centro_Cultural_Sueco_Ijui-2048x871.png 2048w\" sizes=\"(max-width: 300px) 100vw, 300px\" \/><\/figure><\/div>\n<\/div>\n\n<div class=\"wp-block-columns is-layout-flex wp-container-6\">\n<div class=\"wp-block-column is-layout-flow\">\n<figure class=\"wp-block-image size-full\"><img decoding=\"async\" loading=\"lazy\" width=\"263\" height=\"93\" src=\"https:\/\/culturasueca.org.br\/wp-content\/uploads\/2022\/06\/cropped-Logo-lagom-branco-nome_transparente.png\" alt=\"\" class=\"wp-image-721\"\/><\/figure><\/div>\n\n\n\n<div class=\"wp-block-column is-layout-flow\"><\/div>\n<\/div>\n\n<p>Peter Johansson &#8211; Sveriges vicekonsul i S\u00e3o Paulo<\/p>\n\n<p>Marcelo Soares &#8211; journalist och svensk\u00e4ttling, \u00e4gare till Lagom data<\/p>\n\n<p>Vilma Lourdes Bohm Tasca &#8211; Svenska Kulturhuset och Linnemuseet i Farroupilha-RS<\/p>\n\n<p>Sven-Arne och Gunvor Flodell, Birgitta Birkenfalk &#8211; F\u00f6reningen Misiones v\u00e4nner<\/p>\n","protected":false},"excerpt":{"rendered":"<p>Denna sida \u00e4r utvecklad och underh\u00e5llen av entusiaster och organisationer som anser att det \u00e4r&#8230; <\/p>\n","protected":false},"author":1,"featured_media":643,"parent":0,"menu_order":0,"comment_status":"closed","ping_status":"closed","template":"","meta":[],"_links":{"self":[{"href":"https:\/\/culturasueca.org.br\/sv\/wp-json\/wp\/v2\/pages\/676"}],"collection":[{"href":"https:\/\/culturasueca.org.br\/sv\/wp-json\/wp\/v2\/pages"}],"about":[{"href":"https:\/\/culturasueca.org.br\/sv\/wp-json\/wp\/v2\/types\/page"}],"author":[{"embeddable":true,"href":"https:\/\/culturasueca.org.br\/sv\/wp-json\/wp\/v2\/users\/1"}],"replies":[{"embeddable":true,"href":"https:\/\/culturasueca.org.br\/sv\/wp-json\/wp\/v2\/comments?post=676"}],"version-history":[{"count":2,"href":"https:\/\/culturasueca.org.br\/sv\/wp-json\/wp\/v2\/pages\/676\/revisions"}],"predecessor-version":[{"id":725,"href":"https:\/\/culturasueca.org.br\/sv\/wp-json\/wp\/v2\/pages\/676\/revisions\/725"}],"wp:featuredmedia":[{"embeddable":true,"href":"https:\/\/culturasueca.org.br\/sv\/wp-json\/wp\/v2\/media\/643"}],"wp:attachment":[{"href":"https:\/\/culturasueca.org.br\/sv\/wp-json\/wp\/v2\/media?parent=676"}],"curies":[{"name":"wp","href":"https:\/\/api.w.org\/{rel}","templated":true}]}}

<p>Denna sida är utvecklad och underhållen av entusiaster och organisationer som anser att det är viktigt att minnas historien om den svenska migrationen i Brasilien och Argentina. Idén till projektet kommer från högtidlighållandet av 200 år av diplomatiska förbindelser mellan Sverige och Brasilien som ska hållas 2026 och det faktum att mycket information om svensk historia i regionen finns i böcker som inte längre trycks eller återfinns i  källor som är svåra att få tillgång till. Vi anser att den svenska migrationens inflytande har varit mycket viktigt och att arvet från migranterna inte får gå förlorat.</p>

<h2 class="wp-block-heading">Projektpartners</h2>

<div class="wp-block-columns is-layout-flex wp-container-3">
<div class="wp-block-column is-layout-flow">
<figure class="wp-block-image size-full is-resized"><img decoding="async" loading="lazy" src="https://culturasueca.org.br/wp-content/uploads/2022/06/CONSULADO-GERAL-DA-SUECIA_SAO-PAULO_RGB_400x81.png" alt="" class="wp-image-717" width="400" height="81" srcset="https://culturasueca.org.br/wp-content/uploads/2022/06/CONSULADO-GERAL-DA-SUECIA_SAO-PAULO_RGB_400x81.png 400w, https://culturasueca.org.br/wp-content/uploads/2022/06/CONSULADO-GERAL-DA-SUECIA_SAO-PAULO_RGB_400x81-300x61.png 300w" sizes="(max-width: 400px) 100vw, 400px" /></figure></div>



<div class="wp-block-column is-layout-flow">
<figure class="wp-block-image size-medium"><img decoding="async" loading="lazy" width="300" height="128" src="https://culturasueca.org.br/wp-content/uploads/2022/06/Logo_horizontal_cores_Centro_Cultural_Sueco_Ijui-300x128.png" alt="" class="wp-image-719" srcset="https://culturasueca.org.br/wp-content/uploads/2022/06/Logo_horizontal_cores_Centro_Cultural_Sueco_Ijui-300x128.png 300w, https://culturasueca.org.br/wp-content/uploads/2022/06/Logo_horizontal_cores_Centro_Cultural_Sueco_Ijui-1024x436.png 1024w, https://culturasueca.org.br/wp-content/uploads/2022/06/Logo_horizontal_cores_Centro_Cultural_Sueco_Ijui-768x327.png 768w, https://culturasueca.org.br/wp-content/uploads/2022/06/Logo_horizontal_cores_Centro_Cultural_Sueco_Ijui-1536x654.png 1536w, https://culturasueca.org.br/wp-content/uploads/2022/06/Logo_horizontal_cores_Centro_Cultural_Sueco_Ijui-2048x871.png 2048w" sizes="(max-width: 300px) 100vw, 300px" /></figure></div>
</div>

<div class="wp-block-columns is-layout-flex wp-container-6">
<div class="wp-block-column is-layout-flow">
<figure class="wp-block-image size-full"><img decoding="async" loading="lazy" width="263" height="93" src="https://culturasueca.org.br/wp-content/uploads/2022/06/cropped-Logo-lagom-branco-nome_transparente.png" alt="" class="wp-image-721"/></figure></div>



<div class="wp-block-column is-layout-flow"></div>
</div>

<p>Peter Johansson &#8211; Sveriges vicekonsul i São Paulo</p>

<p>Marcelo Soares &#8211; journalist och svenskättling, ägare till Lagom data</p>

<p>Vilma Lourdes Bohm Tasca &#8211; Svenska Kulturhuset och Linnemuseet i Farroupilha-RS</p>

<p>Sven-Arne och Gunvor Flodell, Birgitta Birkenfalk &#8211; Föreningen Misiones vänner</p>

<p>Denna sida är utvecklad och underhållen av entusiaster och organisationer som anser att det är&#8230; </p>
